{"id":332,"date":"2024-05-02T16:56:49","date_gmt":"2024-05-02T16:56:49","guid":{"rendered":"https:\/\/www.100x100south.com\/blog\/?post_type=product&#038;p=332"},"modified":"2024-10-15T11:06:40","modified_gmt":"2024-10-15T11:06:40","slug":"jamon-de-bellota-100-iberico-denominacion-de-origen-protegida-jabugo-anada-2020-brida-negra","status":"publish","type":"product","link":"https:\/\/www.100x100south.com\/blog\/producto\/jamon-de-bellota-100-iberico-denominacion-de-origen-protegida-jabugo-anada-2020-brida-negra\/","title":{"rendered":"Jam\u00f3n de Bellota 100 % ib\u00e9rico. Denominaci\u00f3n de Origen Protegida Jabugo. A\u00f1ada 2022. Brida Negra."},"content":{"rendered":"<p><em><img fetchpriority=\"high\" decoding=\"async\" class=\"alignnone size-medium wp-image-334\" src=\"https:\/\/www.100x100south.com\/blog\/wp-content\/uploads\/2024\/05\/Jamon-de-Bellota-100-ibErico-BRIDA-NEGRA-226x300.png\" alt=\"\" width=\"226\" height=\"300\" srcset=\"https:\/\/www.100x100south.com\/blog\/wp-content\/uploads\/2024\/05\/Jamon-de-Bellota-100-ibErico-BRIDA-NEGRA-226x300.png 226w, https:\/\/www.100x100south.com\/blog\/wp-content\/uploads\/2024\/05\/Jamon-de-Bellota-100-ibErico-BRIDA-NEGRA.png 233w\" sizes=\"(max-width: 226px) 100vw, 226px\" \/><\/em><\/p>\n<h2>Descripci\u00f3n<\/h2>\n<div class=\"woocommerce-product-details__short-description\">\n<h1 class=\"product_title entry-title\">Jam\u00f3n Bellota 100 % ib\u00e9rico Denominaci\u00f3n de Origen Jabugo A\u00f1ada 2022. Pata Negra Brida negra<\/h1>\n<p class=\"price\"><span class=\"woocommerce-Price-amount amount\"><bdi>14,50<span class=\"woocommerce-Price-currencySymbol\">\u20ac<\/span><\/bdi><\/span>\u00a0\u2013\u00a0<span class=\"woocommerce-Price-amount amount\"><bdi>469,00<span class=\"woocommerce-Price-currencySymbol\">\u20ac<\/span><\/bdi><\/span>\u00a0<small class=\"woocommerce-price-suffix\">(IVA incluido)<\/small><\/p>\n<div class=\"woocommerce-product-details__short-description\">\n<p>Jam\u00f3n de bellota 100 % ib\u00e9rico con Denominaci\u00f3n de Origen Protegida Jabugo A\u00f1ada 2022 , es una pieza de lujo, curaci\u00f3n natural, ventanas abiertas en Corteconcepci\u00f3n, Parque Natural Sierra de Aracena y Picos de Aroche<\/p>\n<p>A\u00f1ada 2022, 55 \u20ac \/ Kg iva incluido, rango de pesos<\/p>\n<p>6 a 6,5 kg. (se facturan 6,250 kg) y se entregan 30 sobres de 100 gr., se cobrar\u00e1n de servicio de corte 60 \u20ac, certificado DOP Jabugo, incluimos taquitos y huesos.<\/p>\n<p>De 6,50 a 7 kg (se facturan 6,750 kg) y se entregan 32 sobres de 100 gr., se cobrar\u00e1n 65,00\u20ac de servicio de corte, certificado DOP Jabugo, incluimos taquitos y huesos.<\/p>\n<p>De 7,00 a 7,50 Kg (Se facturan 7,250 kg.)\u00a0 y se entregan 34 sobres de 100 gr., se cobrar\u00e1n 70,00\u20ac de servicio de corte, Certificado DOP Jabugo, incluimos taquitos y huesos.<\/p>\n<p>Jamones E\u00edriz no unta los jamones en manteca lo que hace la curaci\u00f3n m\u00e1s natural, el jam\u00f3n capta y absorbe m\u00e1s aromas a la vez que se cura antes que en otras zonas de Espa\u00f1a en las que al haber climas m\u00e1s fr\u00edos requieren m\u00e1s tiempo y adem\u00e1s le aplican manteca que retarda la curaci\u00f3n.<\/p>\n<p>Apto para cel\u00edacos e intolerantes a la lactosa<\/p>\n<p>En el caso de pedir el producto deshuesado el peso que se servir\u00e1 al cliente es aproximadamente la mitad del peso de la pieza entera, se enviara al vac\u00edo.<\/p>\n<p>Ingredientes: Jam\u00f3n bellota 100 % ib\u00e9rico, sal, az\u00facar, conservadores (E-252 y E-250) y antioxidante (E-300)<\/p>\n<p>PRODUCTO CERTIFICADO POR ARAPORCEI. N\u00ba 21\/IB-85\/13<\/p>\n<\/div>\n<\/div>\n","protected":false},"excerpt":{"rendered":"<p>Descripci\u00f3n Jam\u00f3n Bellota 100 % ib\u00e9rico Denominaci\u00f3n de Origen Jabugo A\u00f1ada 2022. Pata Negra Brida negra 14,50\u20ac\u00a0\u2013\u00a0469,00\u20ac\u00a0(IVA incluido) Jam\u00f3n de bellota 100 % ib\u00e9rico con Denominaci\u00f3n de Origen Protegida Jabugo A\u00f1ada 2022 , es una pieza de lujo, curaci\u00f3n natural, ventanas abiertas en Corteconcepci\u00f3n, Parque Natural Sierra de Aracena y Picos de Aroche A\u00f1ada 2022, [&hellip;]<\/p>\n","protected":false},"featured_media":334,"comment_status":"open","ping_status":"closed","template":"","meta":[],"product_cat":[28,31],"product_tag":[],"class_list":{"0":"post-332","1":"product","2":"type-product","3":"status-publish","4":"has-post-thumbnail","6":"product_cat-alimentacion","7":"product_cat-iberico","9":"first","10":"instock","11":"shipping-taxable","12":"purchasable","13":"product-type-variable","14":"has-default-attributes"},"yoast_head":"<!-- This site is optimized with the Yoast SEO plugin v23.6 - https:\/\/yoast.com\/wordpress\/plugins\/seo\/ -->\n<title>Jam\u00f3n de Bellota 100 % ib\u00e9rico. Denominaci\u00f3n de Origen Protegida Jabugo. A\u00f1ada 2022. Brida Negra. -<\/title>\n<meta name=\"robots\" content=\"index, follow, max-snippet:-1, max-image-preview:large, max-video-preview:-1\" \/>\n<link rel=\"canonical\" href=\"https:\/\/www.100x100south.com\/blog\/producto\/jamon-de-bellota-100-iberico-denominacion-de-origen-protegida-jabugo-anada-2020-brida-negra\/\" \/>\n<meta property=\"og:locale\" content=\"es_ES\" \/>\n<meta property=\"og:type\" content=\"article\" \/>\n<meta property=\"og:title\" content=\"Jam\u00f3n de Bellota 100 % ib\u00e9rico. Denominaci\u00f3n de Origen Protegida Jabugo. A\u00f1ada 2022. Brida Negra. -\" \/>\n<meta property=\"og:description\" content=\"Descripci\u00f3n Jam\u00f3n Bellota 100 % ib\u00e9rico Denominaci\u00f3n de Origen Jabugo A\u00f1ada 2022. Pata Negra Brida negra 14,50\u20ac\u00a0\u2013\u00a0469,00\u20ac\u00a0(IVA incluido) Jam\u00f3n de bellota 100 % ib\u00e9rico con Denominaci\u00f3n de Origen Protegida Jabugo A\u00f1ada 2022 , es una pieza de lujo, curaci\u00f3n natural, ventanas abiertas en Corteconcepci\u00f3n, Parque Natural Sierra de Aracena y Picos de Aroche A\u00f1ada 2022, [&hellip;]\" \/>\n<meta property=\"og:url\" content=\"https:\/\/www.100x100south.com\/blog\/producto\/jamon-de-bellota-100-iberico-denominacion-de-origen-protegida-jabugo-anada-2020-brida-negra\/\" \/>\n<meta property=\"article:modified_time\" content=\"2024-10-15T11:06:40+00:00\" \/>\n<meta property=\"og:image\" content=\"https:\/\/www.100x100south.com\/blog\/wp-content\/uploads\/2024\/05\/Jamon-de-Bellota-100-ibErico-BRIDA-NEGRA.png\" \/>\n\t<meta property=\"og:image:width\" content=\"233\" \/>\n\t<meta property=\"og:image:height\" content=\"309\" \/>\n\t<meta property=\"og:image:type\" content=\"image\/png\" \/>\n<meta name=\"twitter:card\" content=\"summary_large_image\" \/>\n<meta name=\"twitter:label1\" content=\"Tiempo de lectura\" \/>\n\t<meta name=\"twitter:data1\" content=\"2 minutos\" \/>\n<script type=\"application\/ld+json\" class=\"yoast-schema-graph\">{\"@context\":\"https:\/\/schema.org\",\"@graph\":[{\"@type\":\"WebPage\",\"@id\":\"https:\/\/www.100x100south.com\/blog\/producto\/jamon-de-bellota-100-iberico-denominacion-de-origen-protegida-jabugo-anada-2020-brida-negra\/\",\"url\":\"https:\/\/www.100x100south.com\/blog\/producto\/jamon-de-bellota-100-iberico-denominacion-de-origen-protegida-jabugo-anada-2020-brida-negra\/\",\"name\":\"Jam\u00f3n de Bellota 100 % ib\u00e9rico. Denominaci\u00f3n de Origen Protegida Jabugo. A\u00f1ada 2022. Brida Negra. -\",\"isPartOf\":{\"@id\":\"https:\/\/www.100x100south.com\/blog\/#website\"},\"primaryImageOfPage\":{\"@id\":\"https:\/\/www.100x100south.com\/blog\/producto\/jamon-de-bellota-100-iberico-denominacion-de-origen-protegida-jabugo-anada-2020-brida-negra\/#primaryimage\"},\"image\":{\"@id\":\"https:\/\/www.100x100south.com\/blog\/producto\/jamon-de-bellota-100-iberico-denominacion-de-origen-protegida-jabugo-anada-2020-brida-negra\/#primaryimage\"},\"thumbnailUrl\":\"https:\/\/www.100x100south.com\/blog\/wp-content\/uploads\/2024\/05\/Jamon-de-Bellota-100-ibErico-BRIDA-NEGRA.png\",\"datePublished\":\"2024-05-02T16:56:49+00:00\",\"dateModified\":\"2024-10-15T11:06:40+00:00\",\"breadcrumb\":{\"@id\":\"https:\/\/www.100x100south.com\/blog\/producto\/jamon-de-bellota-100-iberico-denominacion-de-origen-protegida-jabugo-anada-2020-brida-negra\/#breadcrumb\"},\"inLanguage\":\"es\",\"potentialAction\":[{\"@type\":\"ReadAction\",\"target\":[\"https:\/\/www.100x100south.com\/blog\/producto\/jamon-de-bellota-100-iberico-denominacion-de-origen-protegida-jabugo-anada-2020-brida-negra\/\"]}]},{\"@type\":\"ImageObject\",\"inLanguage\":\"es\",\"@id\":\"https:\/\/www.100x100south.com\/blog\/producto\/jamon-de-bellota-100-iberico-denominacion-de-origen-protegida-jabugo-anada-2020-brida-negra\/#primaryimage\",\"url\":\"https:\/\/www.100x100south.com\/blog\/wp-content\/uploads\/2024\/05\/Jamon-de-Bellota-100-ibErico-BRIDA-NEGRA.png\",\"contentUrl\":\"https:\/\/www.100x100south.com\/blog\/wp-content\/uploads\/2024\/05\/Jamon-de-Bellota-100-ibErico-BRIDA-NEGRA.png\",\"width\":233,\"height\":309},{\"@type\":\"BreadcrumbList\",\"@id\":\"https:\/\/www.100x100south.com\/blog\/producto\/jamon-de-bellota-100-iberico-denominacion-de-origen-protegida-jabugo-anada-2020-brida-negra\/#breadcrumb\",\"itemListElement\":[{\"@type\":\"ListItem\",\"position\":1,\"name\":\"Portada\",\"item\":\"https:\/\/www.100x100south.com\/blog\/\"},{\"@type\":\"ListItem\",\"position\":2,\"name\":\"Tienda Gourmet\",\"item\":\"https:\/\/www.100x100south.com\/blog\/tienda\/\"},{\"@type\":\"ListItem\",\"position\":3,\"name\":\"Jam\u00f3n de Bellota 100 % ib\u00e9rico. Denominaci\u00f3n de Origen Protegida Jabugo. A\u00f1ada 2022. Brida Negra.\"}]},{\"@type\":\"WebSite\",\"@id\":\"https:\/\/www.100x100south.com\/blog\/#website\",\"url\":\"https:\/\/www.100x100south.com\/blog\/\",\"name\":\"https:\/\/www.100x100south.com\/blog\",\"description\":\"Viajes y experiencias gastron\u00f3micas\",\"publisher\":{\"@id\":\"https:\/\/www.100x100south.com\/blog\/#organization\"},\"potentialAction\":[{\"@type\":\"SearchAction\",\"target\":{\"@type\":\"EntryPoint\",\"urlTemplate\":\"https:\/\/www.100x100south.com\/blog\/?s={search_term_string}\"},\"query-input\":{\"@type\":\"PropertyValueSpecification\",\"valueRequired\":true,\"valueName\":\"search_term_string\"}}],\"inLanguage\":\"es\"},{\"@type\":\"Organization\",\"@id\":\"https:\/\/www.100x100south.com\/blog\/#organization\",\"name\":\"100x100south\",\"url\":\"https:\/\/www.100x100south.com\/blog\/\",\"logo\":{\"@type\":\"ImageObject\",\"inLanguage\":\"es\",\"@id\":\"https:\/\/www.100x100south.com\/blog\/#\/schema\/logo\/image\/\",\"url\":\"https:\/\/www.100x100south.com\/blog\/wp-content\/uploads\/2021\/08\/cropped-cropped-100x100-South-Espanol-SVG_Mesa-de-trabajo-1-copia-4-e1629454715973.png\",\"contentUrl\":\"https:\/\/www.100x100south.com\/blog\/wp-content\/uploads\/2021\/08\/cropped-cropped-100x100-South-Espanol-SVG_Mesa-de-trabajo-1-copia-4-e1629454715973.png\",\"width\":471,\"height\":291,\"caption\":\"100x100south\"},\"image\":{\"@id\":\"https:\/\/www.100x100south.com\/blog\/#\/schema\/logo\/image\/\"}}]}<\/script>\n<!-- \/ Yoast SEO plugin. -->","yoast_head_json":{"title":"Jam\u00f3n de Bellota 100 % ib\u00e9rico. Denominaci\u00f3n de Origen Protegida Jabugo. A\u00f1ada 2022. Brida Negra. -","robots":{"index":"index","follow":"follow","max-snippet":"max-snippet:-1","max-image-preview":"max-image-preview:large","max-video-preview":"max-video-preview:-1"},"canonical":"https:\/\/www.100x100south.com\/blog\/producto\/jamon-de-bellota-100-iberico-denominacion-de-origen-protegida-jabugo-anada-2020-brida-negra\/","og_locale":"es_ES","og_type":"article","og_title":"Jam\u00f3n de Bellota 100 % ib\u00e9rico. Denominaci\u00f3n de Origen Protegida Jabugo. A\u00f1ada 2022. Brida Negra. -","og_description":"Descripci\u00f3n Jam\u00f3n Bellota 100 % ib\u00e9rico Denominaci\u00f3n de Origen Jabugo A\u00f1ada 2022. Pata Negra Brida negra 14,50\u20ac\u00a0\u2013\u00a0469,00\u20ac\u00a0(IVA incluido) Jam\u00f3n de bellota 100 % ib\u00e9rico con Denominaci\u00f3n de Origen Protegida Jabugo A\u00f1ada 2022 , es una pieza de lujo, curaci\u00f3n natural, ventanas abiertas en Corteconcepci\u00f3n, Parque Natural Sierra de Aracena y Picos de Aroche A\u00f1ada 2022, [&hellip;]","og_url":"https:\/\/www.100x100south.com\/blog\/producto\/jamon-de-bellota-100-iberico-denominacion-de-origen-protegida-jabugo-anada-2020-brida-negra\/","article_modified_time":"2024-10-15T11:06:40+00:00","og_image":[{"width":233,"height":309,"url":"https:\/\/www.100x100south.com\/blog\/wp-content\/uploads\/2024\/05\/Jamon-de-Bellota-100-ibErico-BRIDA-NEGRA.png","type":"image\/png"}],"twitter_card":"summary_large_image","twitter_misc":{"Tiempo de lectura":"2 minutos"},"schema":{"@context":"https:\/\/schema.org","@graph":[{"@type":"WebPage","@id":"https:\/\/www.100x100south.com\/blog\/producto\/jamon-de-bellota-100-iberico-denominacion-de-origen-protegida-jabugo-anada-2020-brida-negra\/","url":"https:\/\/www.100x100south.com\/blog\/producto\/jamon-de-bellota-100-iberico-denominacion-de-origen-protegida-jabugo-anada-2020-brida-negra\/","name":"Jam\u00f3n de Bellota 100 % ib\u00e9rico. Denominaci\u00f3n de Origen Protegida Jabugo. A\u00f1ada 2022. Brida Negra. -","isPartOf":{"@id":"https:\/\/www.100x100south.com\/blog\/#website"},"primaryImageOfPage":{"@id":"https:\/\/www.100x100south.com\/blog\/producto\/jamon-de-bellota-100-iberico-denominacion-de-origen-protegida-jabugo-anada-2020-brida-negra\/#primaryimage"},"image":{"@id":"https:\/\/www.100x100south.com\/blog\/producto\/jamon-de-bellota-100-iberico-denominacion-de-origen-protegida-jabugo-anada-2020-brida-negra\/#primaryimage"},"thumbnailUrl":"https:\/\/www.100x100south.com\/blog\/wp-content\/uploads\/2024\/05\/Jamon-de-Bellota-100-ibErico-BRIDA-NEGRA.png","datePublished":"2024-05-02T16:56:49+00:00","dateModified":"2024-10-15T11:06:40+00:00","breadcrumb":{"@id":"https:\/\/www.100x100south.com\/blog\/producto\/jamon-de-bellota-100-iberico-denominacion-de-origen-protegida-jabugo-anada-2020-brida-negra\/#breadcrumb"},"inLanguage":"es","potentialAction":[{"@type":"ReadAction","target":["https:\/\/www.100x100south.com\/blog\/producto\/jamon-de-bellota-100-iberico-denominacion-de-origen-protegida-jabugo-anada-2020-brida-negra\/"]}]},{"@type":"ImageObject","inLanguage":"es","@id":"https:\/\/www.100x100south.com\/blog\/producto\/jamon-de-bellota-100-iberico-denominacion-de-origen-protegida-jabugo-anada-2020-brida-negra\/#primaryimage","url":"https:\/\/www.100x100south.com\/blog\/wp-content\/uploads\/2024\/05\/Jamon-de-Bellota-100-ibErico-BRIDA-NEGRA.png","contentUrl":"https:\/\/www.100x100south.com\/blog\/wp-content\/uploads\/2024\/05\/Jamon-de-Bellota-100-ibErico-BRIDA-NEGRA.png","width":233,"height":309},{"@type":"BreadcrumbList","@id":"https:\/\/www.100x100south.com\/blog\/producto\/jamon-de-bellota-100-iberico-denominacion-de-origen-protegida-jabugo-anada-2020-brida-negra\/#breadcrumb","itemListElement":[{"@type":"ListItem","position":1,"name":"Portada","item":"https:\/\/www.100x100south.com\/blog\/"},{"@type":"ListItem","position":2,"name":"Tienda Gourmet","item":"https:\/\/www.100x100south.com\/blog\/tienda\/"},{"@type":"ListItem","position":3,"name":"Jam\u00f3n de Bellota 100 % ib\u00e9rico. Denominaci\u00f3n de Origen Protegida Jabugo. A\u00f1ada 2022. Brida Negra."}]},{"@type":"WebSite","@id":"https:\/\/www.100x100south.com\/blog\/#website","url":"https:\/\/www.100x100south.com\/blog\/","name":"https:\/\/www.100x100south.com\/blog","description":"Viajes y experiencias gastron\u00f3micas","publisher":{"@id":"https:\/\/www.100x100south.com\/blog\/#organization"},"potentialAction":[{"@type":"SearchAction","target":{"@type":"EntryPoint","urlTemplate":"https:\/\/www.100x100south.com\/blog\/?s={search_term_string}"},"query-input":{"@type":"PropertyValueSpecification","valueRequired":true,"valueName":"search_term_string"}}],"inLanguage":"es"},{"@type":"Organization","@id":"https:\/\/www.100x100south.com\/blog\/#organization","name":"100x100south","url":"https:\/\/www.100x100south.com\/blog\/","logo":{"@type":"ImageObject","inLanguage":"es","@id":"https:\/\/www.100x100south.com\/blog\/#\/schema\/logo\/image\/","url":"https:\/\/www.100x100south.com\/blog\/wp-content\/uploads\/2021\/08\/cropped-cropped-100x100-South-Espanol-SVG_Mesa-de-trabajo-1-copia-4-e1629454715973.png","contentUrl":"https:\/\/www.100x100south.com\/blog\/wp-content\/uploads\/2021\/08\/cropped-cropped-100x100-South-Espanol-SVG_Mesa-de-trabajo-1-copia-4-e1629454715973.png","width":471,"height":291,"caption":"100x100south"},"image":{"@id":"https:\/\/www.100x100south.com\/blog\/#\/schema\/logo\/image\/"}}]}},"_links":{"self":[{"href":"https:\/\/www.100x100south.com\/blog\/wp-json\/wp\/v2\/product\/332","targetHints":{"allow":["GET"]}}],"collection":[{"href":"https:\/\/www.100x100south.com\/blog\/wp-json\/wp\/v2\/product"}],"about":[{"href":"https:\/\/www.100x100south.com\/blog\/wp-json\/wp\/v2\/types\/product"}],"replies":[{"embeddable":true,"href":"https:\/\/www.100x100south.com\/blog\/wp-json\/wp\/v2\/comments?post=332"}],"wp:featuredmedia":[{"embeddable":true,"href":"https:\/\/www.100x100south.com\/blog\/wp-json\/wp\/v2\/media\/334"}],"wp:attachment":[{"href":"https:\/\/www.100x100south.com\/blog\/wp-json\/wp\/v2\/media?parent=332"}],"wp:term":[{"taxonomy":"product_cat","embeddable":true,"href":"https:\/\/www.100x100south.com\/blog\/wp-json\/wp\/v2\/product_cat?post=332"},{"taxonomy":"product_tag","embeddable":true,"href":"https:\/\/www.100x100south.com\/blog\/wp-json\/wp\/v2\/product_tag?post=332"}],"curies":[{"name":"wp","href":"https:\/\/api.w.org\/{rel}","templated":true}]}}