{"id":380,"date":"2024-05-07T16:33:14","date_gmt":"2024-05-07T16:33:14","guid":{"rendered":"https:\/\/www.100x100south.com\/blog\/?page_id=380"},"modified":"2024-06-19T08:32:33","modified_gmt":"2024-06-19T08:32:33","slug":"recetas-andaluzas","status":"publish","type":"page","link":"https:\/\/www.100x100south.com\/blog\/recetas-andaluzas\/","title":{"rendered":"Recetas Andaluzas"},"content":{"rendered":"\t\t<div data-elementor-type=\"wp-page\" data-elementor-id=\"380\" class=\"elementor elementor-380\">\n\t\t\t\t\t\t<section class=\"elementor-section elementor-top-section elementor-element elementor-element-681bd089 elementor-section-boxed elementor-section-height-default elementor-section-height-default\" data-id=\"681bd089\" data-element_type=\"section\">\n\t\t\t\t\t\t<div class=\"elementor-container elementor-column-gap-default\">\n\t\t\t\t\t<div class=\"elementor-column elementor-col-100 elementor-top-column elementor-element elementor-element-3e2557ff\" data-id=\"3e2557ff\" data-element_type=\"column\">\n\t\t\t<div class=\"elementor-widget-wrap elementor-element-populated\">\n\t\t\t\t\t\t<div class=\"elementor-element elementor-element-6bba77f0 elementor-widget__width-initial elementor-widget elementor-widget-text-editor\" data-id=\"6bba77f0\" data-element_type=\"widget\" data-widget_type=\"text-editor.default\">\n\t\t\t\t<div class=\"elementor-widget-container\">\n\t\t\t\t\t\t\t<p><!-- wp:paragraph --><\/p>\n<p>&nbsp;<span style=\"font-size: 1rem;\">La gastronom\u00eda andaluza es una parte esencial d<\/span><span style=\"font-size: 1rem;\">e la cultura gastron\u00f3mica de Espa\u00f1a y es conocida por su diversidad y riqueza de sabores, influenciada por su historia y su ubicaci\u00f3n geogr\u00e1fica.<\/span><\/p>\n<p><!-- \/wp:paragraph --><\/p>\n<p><!-- wp:image {\"id\":391,\"sizeSlug\":\"full\",\"linkDestination\":\"none\"} --><\/p>\n<p><img fetchpriority=\"high\" decoding=\"async\" class=\"size-medium wp-image-395 aligncenter\" src=\"https:\/\/www.100x100south.com\/blog\/wp-content\/uploads\/2024\/05\/DALL\u00b7E-2024-05-08-13.33.54-An-Andalusian-fish-fry-featuring-a-variety-of-freshly-fried-seafood-including-squids-prawns-and-small-fish.-The-scene-is-set-in-a-coastal-eatery-in-300x300.webp\" alt=\"\" width=\"300\" height=\"300\" srcset=\"https:\/\/www.100x100south.com\/blog\/wp-content\/uploads\/2024\/05\/DALL\u00b7E-2024-05-08-13.33.54-An-Andalusian-fish-fry-featuring-a-variety-of-freshly-fried-seafood-including-squids-prawns-and-small-fish.-The-scene-is-set-in-a-coastal-eatery-in-300x300.webp 300w, https:\/\/www.100x100south.com\/blog\/wp-content\/uploads\/2024\/05\/DALL\u00b7E-2024-05-08-13.33.54-An-Andalusian-fish-fry-featuring-a-variety-of-freshly-fried-seafood-including-squids-prawns-and-small-fish.-The-scene-is-set-in-a-coastal-eatery-in-150x150.webp 150w, https:\/\/www.100x100south.com\/blog\/wp-content\/uploads\/2024\/05\/DALL\u00b7E-2024-05-08-13.33.54-An-Andalusian-fish-fry-featuring-a-variety-of-freshly-fried-seafood-including-squids-prawns-and-small-fish.-The-scene-is-set-in-a-coastal-eatery-in-768x768.webp 768w, https:\/\/www.100x100south.com\/blog\/wp-content\/uploads\/2024\/05\/DALL\u00b7E-2024-05-08-13.33.54-An-Andalusian-fish-fry-featuring-a-variety-of-freshly-fried-seafood-including-squids-prawns-and-small-fish.-The-scene-is-set-in-a-coastal-eatery-in-100x100.webp 100w, https:\/\/www.100x100south.com\/blog\/wp-content\/uploads\/2024\/05\/DALL\u00b7E-2024-05-08-13.33.54-An-Andalusian-fish-fry-featuring-a-variety-of-freshly-fried-seafood-including-squids-prawns-and-small-fish.-The-scene-is-set-in-a-coastal-eatery-in-600x600.webp 600w, https:\/\/www.100x100south.com\/blog\/wp-content\/uploads\/2024\/05\/DALL\u00b7E-2024-05-08-13.33.54-An-Andalusian-fish-fry-featuring-a-variety-of-freshly-fried-seafood-including-squids-prawns-and-small-fish.-The-scene-is-set-in-a-coastal-eatery-in.webp 1024w\" sizes=\"(max-width: 300px) 100vw, 300px\" \/><\/p>\n<p><strong style=\"color: var( --e-global-color-text ); font-family: var( --e-global-typography-text-font-family ), Sans-serif;\">Influencias culturales<\/strong><span style=\"color: var( --e-global-color-text ); font-family: var( --e-global-typography-text-font-family ), Sans-serif; font-weight: var( --e-global-typography-text-font-weight );\">:&nbsp;<\/span><\/p>\n<figure><span style=\"color: var( --e-global-color-text ); font-family: var( --e-global-typography-text-font-family ), Sans-serif; font-weight: var( --e-global-typography-text-font-weight );\">La&nbsp;<\/span><span style=\"color: var( --e-global-color-text ); font-family: var( --e-global-typography-text-font-family ), Sans-serif; font-weight: var( --e-global-typography-text-font-weight );\">gastronom\u00eda de Andaluc\u00eda ha sido influenciada por diversas culturas a lo largo de la historia, incluyendo la \u00e1rabe, la jud\u00eda y la romana. Esto se refleja en el uso de especias como el co<\/span><span style=\"color: var( --e-global-color-text ); font-family: var( --e-global-typography-text-font-family ), Sans-serif; font-size: 1rem; font-weight: var( --e-global-typography-text-font-weight );\">mino y la canela, y en t\u00e9cnicas culinarias como l<\/span><span style=\"color: var( --e-global-color-text ); font-family: var( --e-global-typography-text-font-family ), Sans-serif; font-size: 1rem; font-weight: var( --e-global-typography-text-font-weight );\">a ela<\/span><span style=\"color: var( --e-global-color-text ); font-family: var( --e-global-typography-text-font-family ), Sans-serif; font-size: 1rem; font-weight: var( --e-global-typography-text-font-weight );\">boraci\u00f3n de escabeches.<\/span><\/figure>\n<figure><img decoding=\"async\" class=\"size-medium wp-image-397 aligncenter\" style=\"font-size: 1rem;\" src=\"https:\/\/www.100x100south.com\/blog\/wp-content\/uploads\/2024\/05\/DALL\u00b7E-2024-05-08-13.35.29-A-scenic-view-of-an-Andalusian-vineyard-at-sunset-showcasing-rows-of-grapevines-under-a-warm-golden-light-with-a-traditional-Spanish-farmhouse-in-th-1-300x300.webp\" alt=\"\" width=\"300\" height=\"300\" srcset=\"https:\/\/www.100x100south.com\/blog\/wp-content\/uploads\/2024\/05\/DALL\u00b7E-2024-05-08-13.35.29-A-scenic-view-of-an-Andalusian-vineyard-at-sunset-showcasing-rows-of-grapevines-under-a-warm-golden-light-with-a-traditional-Spanish-farmhouse-in-th-1-300x300.webp 300w, https:\/\/www.100x100south.com\/blog\/wp-content\/uploads\/2024\/05\/DALL\u00b7E-2024-05-08-13.35.29-A-scenic-view-of-an-Andalusian-vineyard-at-sunset-showcasing-rows-of-grapevines-under-a-warm-golden-light-with-a-traditional-Spanish-farmhouse-in-th-1-150x150.webp 150w, https:\/\/www.100x100south.com\/blog\/wp-content\/uploads\/2024\/05\/DALL\u00b7E-2024-05-08-13.35.29-A-scenic-view-of-an-Andalusian-vineyard-at-sunset-showcasing-rows-of-grapevines-under-a-warm-golden-light-with-a-traditional-Spanish-farmhouse-in-th-1-768x768.webp 768w, https:\/\/www.100x100south.com\/blog\/wp-content\/uploads\/2024\/05\/DALL\u00b7E-2024-05-08-13.35.29-A-scenic-view-of-an-Andalusian-vineyard-at-sunset-showcasing-rows-of-grapevines-under-a-warm-golden-light-with-a-traditional-Spanish-farmhouse-in-th-1-100x100.webp 100w, https:\/\/www.100x100south.com\/blog\/wp-content\/uploads\/2024\/05\/DALL\u00b7E-2024-05-08-13.35.29-A-scenic-view-of-an-Andalusian-vineyard-at-sunset-showcasing-rows-of-grapevines-under-a-warm-golden-light-with-a-traditional-Spanish-farmhouse-in-th-1-600x600.webp 600w, https:\/\/www.100x100south.com\/blog\/wp-content\/uploads\/2024\/05\/DALL\u00b7E-2024-05-08-13.35.29-A-scenic-view-of-an-Andalusian-vineyard-at-sunset-showcasing-rows-of-grapevines-under-a-warm-golden-light-with-a-traditional-Spanish-farmhouse-in-th-1.webp 1024w\" sizes=\"(max-width: 300px) 100vw, 300px\" \/><\/figure>\n<figure><strong style=\"color: var( --e-global-color-text ); font-family: var( --e-global-typography-text-font-family ), Sans-serif;\">&nbsp;<\/strong><\/figure>\n<figure><strong style=\"color: var( --e-global-color-text ); font-family: var( --e-global-typography-text-font-family ), Sans-serif;\">Dieta Mediterr\u00e1nea<\/strong><span style=\"color: var( --e-global-color-text ); font-family: var( --e-global-typography-text-font-family ), Sans-serif; font-weight: var( --e-global-typography-text-font-weight );\">: Andaluc\u00eda es un claro ejemplo de la dieta mediterr\u00e1nea, con un alto <\/span><span style=\"color: var( --e-global-color-text ); font-family: var( --e-global-typography-text-font-family ), Sans-serif; font-weight: var( --e-global-typography-text-font-weight ); font-size: 1rem;\">consumo de aceite de oliva, frutas, verduras y pescados. El aceite de oliva, especialmente, es un ingrediente fundamental y de fama mundial, especialmente el producido en regiones como Ja\u00e9n y C\u00f3rdoba<\/span><\/figure>\n<figure><strong style=\"color: var( --e-global-color-text ); font-family: var( --e-global-typography-text-font-family ), Sans-serif;\">&nbsp;<\/strong><img decoding=\"async\" class=\"size-medium wp-image-398 aligncenter\" style=\"font-size: 1rem;\" src=\"https:\/\/www.100x100south.com\/blog\/wp-content\/uploads\/2024\/05\/DALL\u00b7E-2024-05-08-13.33.43-A-vibrant-display-of-traditional-Andalusian-tapas-including-slices-of-Jamon-Iberico-Manchego-cheese-chorizo-and-small-sandwiches-montaditos-on-ru-300x300.webp\" alt=\"\" width=\"300\" height=\"300\" srcset=\"https:\/\/www.100x100south.com\/blog\/wp-content\/uploads\/2024\/05\/DALL\u00b7E-2024-05-08-13.33.43-A-vibrant-display-of-traditional-Andalusian-tapas-including-slices-of-Jamon-Iberico-Manchego-cheese-chorizo-and-small-sandwiches-montaditos-on-ru-300x300.webp 300w, https:\/\/www.100x100south.com\/blog\/wp-content\/uploads\/2024\/05\/DALL\u00b7E-2024-05-08-13.33.43-A-vibrant-display-of-traditional-Andalusian-tapas-including-slices-of-Jamon-Iberico-Manchego-cheese-chorizo-and-small-sandwiches-montaditos-on-ru-150x150.webp 150w, https:\/\/www.100x100south.com\/blog\/wp-content\/uploads\/2024\/05\/DALL\u00b7E-2024-05-08-13.33.43-A-vibrant-display-of-traditional-Andalusian-tapas-including-slices-of-Jamon-Iberico-Manchego-cheese-chorizo-and-small-sandwiches-montaditos-on-ru-768x768.webp 768w, https:\/\/www.100x100south.com\/blog\/wp-content\/uploads\/2024\/05\/DALL\u00b7E-2024-05-08-13.33.43-A-vibrant-display-of-traditional-Andalusian-tapas-including-slices-of-Jamon-Iberico-Manchego-cheese-chorizo-and-small-sandwiches-montaditos-on-ru-100x100.webp 100w, https:\/\/www.100x100south.com\/blog\/wp-content\/uploads\/2024\/05\/DALL\u00b7E-2024-05-08-13.33.43-A-vibrant-display-of-traditional-Andalusian-tapas-including-slices-of-Jamon-Iberico-Manchego-cheese-chorizo-and-small-sandwiches-montaditos-on-ru-600x600.webp 600w, https:\/\/www.100x100south.com\/blog\/wp-content\/uploads\/2024\/05\/DALL\u00b7E-2024-05-08-13.33.43-A-vibrant-display-of-traditional-Andalusian-tapas-including-slices-of-Jamon-Iberico-Manchego-cheese-chorizo-and-small-sandwiches-montaditos-on-ru.webp 1024w\" sizes=\"(max-width: 300px) 100vw, 300px\" \/><\/figure>\n<figure><strong style=\"color: var( --e-global-color-text ); font-family: var( --e-global-typography-text-font-family ), Sans-serif;\">Variedad de platos<\/strong><span style=\"color: var( --e-global-color-text ); font-family: var( --e-global-typography-text-font-family ), Sans-serif; font-weight: var( --e-global-typography-text-font-weight );\">: La cocina andaluza ofrece una amplia variedad de platos, desde sopas fr\u00edas como el gazpacho y el salmorejo, hasta frituras de pescado y mariscos, como el pesca\u00edto frito t\u00edpico de las zonas costeras.<\/span><\/figure>\n<figure><strong style=\"color: var( --e-global-color-text ); font-family: var( --e-global-typography-text-font-family ), Sans-serif;\">Tapas<\/strong><span style=\"color: var( --e-global-color-text ); font-family: var( --e-global-typography-text-font-family ), Sans-serif; font-weight: var( --e-global-typography-text-font-weight );\">: Andaluc\u00eda es consider<\/span><span style=\"color: var( --e-global-color-text ); font-family: var( --e-global-typography-text-font-family ), Sans-serif; font-weight: var( --e-global-typography-text-font-weight );\">ada la cuna de las tapas. Estas peque\u00f1as porciones de comida son una forma popular de disfrutar de la gastronom\u00eda local en un ambiente social, incluyendo una amplia gama de opciones como jam\u00f3n ib\u00e9rico, quesos, chorizos y montaditos.<\/span><\/figure>\n<figure><strong style=\"color: var( --e-global-color-text ); font-family: var( --e-global-typography-text-font-family ), Sans-serif;\">&nbsp;<\/strong><\/figure>\n<p><img loading=\"lazy\" decoding=\"async\" class=\"aligncenter\" style=\"color: var( --e-global-color-text ); font-family: var( --e-global-typography-text-font-family ), Sans-serif; font-weight: var( --e-global-typography-text-font-weight ); font-size: 14px;\" src=\"https:\/\/www.100x100south.com\/blog\/wp-content\/uploads\/2024\/05\/DALL%C2%B7E-2024-05-08-13.34.35-A-festive-display-of-traditional-Andalusian-sweets-including-pestinos-polvorones-and-alfajores-arranged-beautifully-on-a-decorative-plate-with-orna-300x300.webp\" alt=\"\" width=\"300\" height=\"300\"><\/p>\n<figure><strong style=\"color: var( --e-global-color-text ); font-family: var( --e-global-typography-text-font-family ), Sans-serif;\">Dulces y reposter\u00eda<\/strong><span style=\"color: var( --e-global-color-text ); font-family: var( --e-global-typography-text-font-family ), Sans-serif; font-weight: var( --e-global-typography-text-font-weight );\">: La reposter\u00eda andaluza es especialmente rica y variada, con influencias \u00e1rabes notables. Dulces como los pesti\u00f1os, torrijas, polvorones y alfajores son muy populares, especialmente durante festividades y celebraciones.<\/span><\/figure>\n<figure><strong style=\"color: var( --e-global-color-text ); font-family: var( --e-global-typography-text-font-family ), Sans-serif;\">&nbsp;<\/strong><\/figure>\n<figure><strong style=\"color: var( --e-global-color-text ); font-family: var( --e-global-typography-text-font-family ), Sans-serif;\">Vinos y bebidas<\/strong><span style=\"color: var( --e-global-color-text ); font-family: var( --e-global-typography-text-font-family ), Sans-serif; font-weight: var( --e-global-typography-text-font-weight );\">: Andaluc\u00eda es famosa por sus vinos, especialmente el Jerez (Sherry), que se produce en la regi\u00f3n de Jerez de la Frontera. Otros vinos notables incluyen el Manzanilla de Sanl\u00facar de Barrameda y el Montilla-Moriles. Adem\u00e1s, el rebujito, una bebida hecha con vino fino y soda, es muy popular durante ferias y fiestas.<\/span><\/figure>\n<figure><strong style=\"color: var( --e-global-color-text ); font-family: var( --e-global-typography-text-font-family ), Sans-serif;\">Uso de productos frescos y de temporada<\/strong><span style=\"color: var( --e-global-color-text ); font-family: var( --e-global-typography-text-font-family ), Sans-serif; font-weight: var( --e-global-typography-text-font-weight );\">: La cocina andaluza se caracteriza por el uso extensivo de productos frescos y de temporada, aprovechando la rica agricultura local y la abundancia de mariscos frescos disponibles en su extensa costa.<\/span><\/figure>\n<p><!-- \/wp:list-item --><\/p>\n<p><!-- \/wp:list --><\/p>\n<p><!-- wp:paragraph --><\/p>\n<p>Estas caracter\u00edsticas hacen de la comida andaluza una experiencia gastron\u00f3mica \u00fanica y diversa, reflejo de su rica cultura y su privilegiado entorno natural.<\/p>\n<p><!-- \/wp:paragraph --><\/p>\t\t\t\t\t\t<\/div>\n\t\t\t\t<\/div>\n\t\t\t\t\t<\/div>\n\t\t<\/div>\n\t\t\t\t\t<\/div>\n\t\t<\/section>\n\t\t\t\t<\/div>\n\t\t","protected":false},"excerpt":{"rendered":"<p>&nbsp;La gastronom\u00eda andaluza es una parte esencial de la cultura gastron\u00f3mica de Espa\u00f1a y es conocida por su diversidad y riqueza de sabores, influenciada por su historia y su ubicaci\u00f3n geogr\u00e1fica. Estas caracter\u00edsticas hacen de la comida andaluza una experiencia gastron\u00f3mica \u00fanica y diversa, reflejo de su rica cultura y su privilegiado entorno natural.<\/p>\n","protected":false},"author":1,"featured_media":83,"parent":0,"menu_order":3,"comment_status":"closed","ping_status":"closed","template":"","meta":{"footnotes":""},"class_list":["post-380","page","type-page","status-publish","has-post-thumbnail","hentry"],"yoast_head":"<!-- This site is optimized with the Yoast SEO plugin v23.6 - https:\/\/yoast.com\/wordpress\/plugins\/seo\/ -->\n<title>Recetas Andaluzas -<\/title>\n<meta name=\"description\" content=\"Explora las aut\u00e9nticas recetas andaluzas en 100x100 South y descubre la riqueza de la gastronom\u00eda de Andaluc\u00eda con platos tradicionales, tapas, dulces y vinos \u00fanicos que reflejan la cultura y el sabor mediterr\u00e1neo.\" \/>\n<meta name=\"robots\" content=\"index, follow, max-snippet:-1, max-image-preview:large, max-video-preview:-1\" \/>\n<link rel=\"canonical\" href=\"https:\/\/www.100x100south.com\/blog\/recetas-andaluzas\/\" \/>\n<meta property=\"og:locale\" content=\"es_ES\" \/>\n<meta property=\"og:type\" content=\"article\" \/>\n<meta property=\"og:title\" content=\"Recetas Andaluzas -\" \/>\n<meta property=\"og:description\" content=\"Explora las aut\u00e9nticas recetas andaluzas en 100x100 South y descubre la riqueza de la gastronom\u00eda de Andaluc\u00eda con platos tradicionales, tapas, dulces y vinos \u00fanicos que reflejan la cultura y el sabor mediterr\u00e1neo.\" \/>\n<meta property=\"og:url\" content=\"https:\/\/www.100x100south.com\/blog\/recetas-andaluzas\/\" \/>\n<meta property=\"article:modified_time\" content=\"2024-06-19T08:32:33+00:00\" \/>\n<meta property=\"og:image\" content=\"https:\/\/www.100x100south.com\/blog\/wp-content\/uploads\/2021\/07\/4EFE-AFB1EB89E3F379A0_AL_Las_Negras_Gastronomia_1.jpg\" \/>\n\t<meta property=\"og:image:width\" content=\"1000\" \/>\n\t<meta property=\"og:image:height\" content=\"666\" \/>\n\t<meta property=\"og:image:type\" content=\"image\/jpeg\" \/>\n<meta name=\"twitter:card\" content=\"summary_large_image\" \/>\n<meta name=\"twitter:label1\" content=\"Tiempo de lectura\" \/>\n\t<meta name=\"twitter:data1\" content=\"3 minutos\" \/>\n<script type=\"application\/ld+json\" class=\"yoast-schema-graph\">{\"@context\":\"https:\/\/schema.org\",\"@graph\":[{\"@type\":\"WebPage\",\"@id\":\"https:\/\/www.100x100south.com\/blog\/recetas-andaluzas\/\",\"url\":\"https:\/\/www.100x100south.com\/blog\/recetas-andaluzas\/\",\"name\":\"Recetas Andaluzas -\",\"isPartOf\":{\"@id\":\"https:\/\/www.100x100south.com\/blog\/#website\"},\"primaryImageOfPage\":{\"@id\":\"https:\/\/www.100x100south.com\/blog\/recetas-andaluzas\/#primaryimage\"},\"image\":{\"@id\":\"https:\/\/www.100x100south.com\/blog\/recetas-andaluzas\/#primaryimage\"},\"thumbnailUrl\":\"https:\/\/www.100x100south.com\/blog\/wp-content\/uploads\/2021\/07\/4EFE-AFB1EB89E3F379A0_AL_Las_Negras_Gastronomia_1.jpg\",\"datePublished\":\"2024-05-07T16:33:14+00:00\",\"dateModified\":\"2024-06-19T08:32:33+00:00\",\"description\":\"Explora las aut\u00e9nticas recetas andaluzas en 100x100 South y descubre la riqueza de la gastronom\u00eda de Andaluc\u00eda con platos tradicionales, tapas, dulces y vinos \u00fanicos que reflejan la cultura y el sabor mediterr\u00e1neo.\",\"breadcrumb\":{\"@id\":\"https:\/\/www.100x100south.com\/blog\/recetas-andaluzas\/#breadcrumb\"},\"inLanguage\":\"es\",\"potentialAction\":[{\"@type\":\"ReadAction\",\"target\":[\"https:\/\/www.100x100south.com\/blog\/recetas-andaluzas\/\"]}]},{\"@type\":\"ImageObject\",\"inLanguage\":\"es\",\"@id\":\"https:\/\/www.100x100south.com\/blog\/recetas-andaluzas\/#primaryimage\",\"url\":\"https:\/\/www.100x100south.com\/blog\/wp-content\/uploads\/2021\/07\/4EFE-AFB1EB89E3F379A0_AL_Las_Negras_Gastronomia_1.jpg\",\"contentUrl\":\"https:\/\/www.100x100south.com\/blog\/wp-content\/uploads\/2021\/07\/4EFE-AFB1EB89E3F379A0_AL_Las_Negras_Gastronomia_1.jpg\",\"width\":1000,\"height\":666,\"caption\":\"Gastronom\u00eda\"},{\"@type\":\"BreadcrumbList\",\"@id\":\"https:\/\/www.100x100south.com\/blog\/recetas-andaluzas\/#breadcrumb\",\"itemListElement\":[{\"@type\":\"ListItem\",\"position\":1,\"name\":\"Portada\",\"item\":\"https:\/\/www.100x100south.com\/blog\/\"},{\"@type\":\"ListItem\",\"position\":2,\"name\":\"Recetas Andaluzas\"}]},{\"@type\":\"WebSite\",\"@id\":\"https:\/\/www.100x100south.com\/blog\/#website\",\"url\":\"https:\/\/www.100x100south.com\/blog\/\",\"name\":\"https:\/\/www.100x100south.com\/blog\",\"description\":\"Viajes y experiencias gastron\u00f3micas\",\"publisher\":{\"@id\":\"https:\/\/www.100x100south.com\/blog\/#organization\"},\"potentialAction\":[{\"@type\":\"SearchAction\",\"target\":{\"@type\":\"EntryPoint\",\"urlTemplate\":\"https:\/\/www.100x100south.com\/blog\/?s={search_term_string}\"},\"query-input\":{\"@type\":\"PropertyValueSpecification\",\"valueRequired\":true,\"valueName\":\"search_term_string\"}}],\"inLanguage\":\"es\"},{\"@type\":\"Organization\",\"@id\":\"https:\/\/www.100x100south.com\/blog\/#organization\",\"name\":\"100x100south\",\"url\":\"https:\/\/www.100x100south.com\/blog\/\",\"logo\":{\"@type\":\"ImageObject\",\"inLanguage\":\"es\",\"@id\":\"https:\/\/www.100x100south.com\/blog\/#\/schema\/logo\/image\/\",\"url\":\"https:\/\/www.100x100south.com\/blog\/wp-content\/uploads\/2021\/08\/cropped-cropped-100x100-South-Espanol-SVG_Mesa-de-trabajo-1-copia-4-e1629454715973.png\",\"contentUrl\":\"https:\/\/www.100x100south.com\/blog\/wp-content\/uploads\/2021\/08\/cropped-cropped-100x100-South-Espanol-SVG_Mesa-de-trabajo-1-copia-4-e1629454715973.png\",\"width\":471,\"height\":291,\"caption\":\"100x100south\"},\"image\":{\"@id\":\"https:\/\/www.100x100south.com\/blog\/#\/schema\/logo\/image\/\"}}]}<\/script>\n<!-- \/ Yoast SEO plugin. -->","yoast_head_json":{"title":"Recetas Andaluzas -","description":"Explora las aut\u00e9nticas recetas andaluzas en 100x100 South y descubre la riqueza de la gastronom\u00eda de Andaluc\u00eda con platos tradicionales, tapas, dulces y vinos \u00fanicos que reflejan la cultura y el sabor mediterr\u00e1neo.","robots":{"index":"index","follow":"follow","max-snippet":"max-snippet:-1","max-image-preview":"max-image-preview:large","max-video-preview":"max-video-preview:-1"},"canonical":"https:\/\/www.100x100south.com\/blog\/recetas-andaluzas\/","og_locale":"es_ES","og_type":"article","og_title":"Recetas Andaluzas -","og_description":"Explora las aut\u00e9nticas recetas andaluzas en 100x100 South y descubre la riqueza de la gastronom\u00eda de Andaluc\u00eda con platos tradicionales, tapas, dulces y vinos \u00fanicos que reflejan la cultura y el sabor mediterr\u00e1neo.","og_url":"https:\/\/www.100x100south.com\/blog\/recetas-andaluzas\/","article_modified_time":"2024-06-19T08:32:33+00:00","og_image":[{"width":1000,"height":666,"url":"https:\/\/www.100x100south.com\/blog\/wp-content\/uploads\/2021\/07\/4EFE-AFB1EB89E3F379A0_AL_Las_Negras_Gastronomia_1.jpg","type":"image\/jpeg"}],"twitter_card":"summary_large_image","twitter_misc":{"Tiempo de lectura":"3 minutos"},"schema":{"@context":"https:\/\/schema.org","@graph":[{"@type":"WebPage","@id":"https:\/\/www.100x100south.com\/blog\/recetas-andaluzas\/","url":"https:\/\/www.100x100south.com\/blog\/recetas-andaluzas\/","name":"Recetas Andaluzas -","isPartOf":{"@id":"https:\/\/www.100x100south.com\/blog\/#website"},"primaryImageOfPage":{"@id":"https:\/\/www.100x100south.com\/blog\/recetas-andaluzas\/#primaryimage"},"image":{"@id":"https:\/\/www.100x100south.com\/blog\/recetas-andaluzas\/#primaryimage"},"thumbnailUrl":"https:\/\/www.100x100south.com\/blog\/wp-content\/uploads\/2021\/07\/4EFE-AFB1EB89E3F379A0_AL_Las_Negras_Gastronomia_1.jpg","datePublished":"2024-05-07T16:33:14+00:00","dateModified":"2024-06-19T08:32:33+00:00","description":"Explora las aut\u00e9nticas recetas andaluzas en 100x100 South y descubre la riqueza de la gastronom\u00eda de Andaluc\u00eda con platos tradicionales, tapas, dulces y vinos \u00fanicos que reflejan la cultura y el sabor mediterr\u00e1neo.","breadcrumb":{"@id":"https:\/\/www.100x100south.com\/blog\/recetas-andaluzas\/#breadcrumb"},"inLanguage":"es","potentialAction":[{"@type":"ReadAction","target":["https:\/\/www.100x100south.com\/blog\/recetas-andaluzas\/"]}]},{"@type":"ImageObject","inLanguage":"es","@id":"https:\/\/www.100x100south.com\/blog\/recetas-andaluzas\/#primaryimage","url":"https:\/\/www.100x100south.com\/blog\/wp-content\/uploads\/2021\/07\/4EFE-AFB1EB89E3F379A0_AL_Las_Negras_Gastronomia_1.jpg","contentUrl":"https:\/\/www.100x100south.com\/blog\/wp-content\/uploads\/2021\/07\/4EFE-AFB1EB89E3F379A0_AL_Las_Negras_Gastronomia_1.jpg","width":1000,"height":666,"caption":"Gastronom\u00eda"},{"@type":"BreadcrumbList","@id":"https:\/\/www.100x100south.com\/blog\/recetas-andaluzas\/#breadcrumb","itemListElement":[{"@type":"ListItem","position":1,"name":"Portada","item":"https:\/\/www.100x100south.com\/blog\/"},{"@type":"ListItem","position":2,"name":"Recetas Andaluzas"}]},{"@type":"WebSite","@id":"https:\/\/www.100x100south.com\/blog\/#website","url":"https:\/\/www.100x100south.com\/blog\/","name":"https:\/\/www.100x100south.com\/blog","description":"Viajes y experiencias gastron\u00f3micas","publisher":{"@id":"https:\/\/www.100x100south.com\/blog\/#organization"},"potentialAction":[{"@type":"SearchAction","target":{"@type":"EntryPoint","urlTemplate":"https:\/\/www.100x100south.com\/blog\/?s={search_term_string}"},"query-input":{"@type":"PropertyValueSpecification","valueRequired":true,"valueName":"search_term_string"}}],"inLanguage":"es"},{"@type":"Organization","@id":"https:\/\/www.100x100south.com\/blog\/#organization","name":"100x100south","url":"https:\/\/www.100x100south.com\/blog\/","logo":{"@type":"ImageObject","inLanguage":"es","@id":"https:\/\/www.100x100south.com\/blog\/#\/schema\/logo\/image\/","url":"https:\/\/www.100x100south.com\/blog\/wp-content\/uploads\/2021\/08\/cropped-cropped-100x100-South-Espanol-SVG_Mesa-de-trabajo-1-copia-4-e1629454715973.png","contentUrl":"https:\/\/www.100x100south.com\/blog\/wp-content\/uploads\/2021\/08\/cropped-cropped-100x100-South-Espanol-SVG_Mesa-de-trabajo-1-copia-4-e1629454715973.png","width":471,"height":291,"caption":"100x100south"},"image":{"@id":"https:\/\/www.100x100south.com\/blog\/#\/schema\/logo\/image\/"}}]}},"_links":{"self":[{"href":"https:\/\/www.100x100south.com\/blog\/wp-json\/wp\/v2\/pages\/380","targetHints":{"allow":["GET"]}}],"collection":[{"href":"https:\/\/www.100x100south.com\/blog\/wp-json\/wp\/v2\/pages"}],"about":[{"href":"https:\/\/www.100x100south.com\/blog\/wp-json\/wp\/v2\/types\/page"}],"author":[{"embeddable":true,"href":"https:\/\/www.100x100south.com\/blog\/wp-json\/wp\/v2\/users\/1"}],"replies":[{"embeddable":true,"href":"https:\/\/www.100x100south.com\/blog\/wp-json\/wp\/v2\/comments?post=380"}],"version-history":[{"count":11,"href":"https:\/\/www.100x100south.com\/blog\/wp-json\/wp\/v2\/pages\/380\/revisions"}],"predecessor-version":[{"id":408,"href":"https:\/\/www.100x100south.com\/blog\/wp-json\/wp\/v2\/pages\/380\/revisions\/408"}],"wp:featuredmedia":[{"embeddable":true,"href":"https:\/\/www.100x100south.com\/blog\/wp-json\/wp\/v2\/media\/83"}],"wp:attachment":[{"href":"https:\/\/www.100x100south.com\/blog\/wp-json\/wp\/v2\/media?parent=380"}],"curies":[{"name":"wp","href":"https:\/\/api.w.org\/{rel}","templated":true}]}}