{"id":3,"date":"2021-05-14T06:43:05","date_gmt":"2021-05-14T06:43:05","guid":{"rendered":"https:\/\/www.100x100south.com\/blog\/?page_id=3"},"modified":"2023-02-15T11:28:20","modified_gmt":"2023-02-15T11:28:20","slug":"politica-privacidad","status":"publish","type":"page","link":"https:\/\/www.100x100south.com\/blog\/politica-privacidad\/","title":{"rendered":"Pol\u00edtica de privacidad"},"content":{"rendered":"<p><\/p><h2 class=\"wp-block-heading\">Pol\u00edtica de Privacidad y normativa de protecci\u00f3n de datos<\/h2><p>A trav\u00e9s de \u00e9ste portal no se recaban datos de car\u00e1cter personal de los usuarios sin su consentimiento.<\/p><p>Los Datos de car\u00e1cter personal que facilite con ocasi\u00f3n de su alta en el Sitio Web, as\u00ed como aquellos que facilite como consecuencia del uso del Portal ser\u00e1n tratados de forma confidencial con la finalidad \u00fanica y espec\u00edfica de cada tratamiento, siendo los mismos incorporados a las correspondientes actividades de tratamiento de la&nbsp;<strong>CACTRAVEL, SLL&nbsp;<\/strong>&nbsp;de conformidad con el&nbsp;<em>Reglamento (UE) 2016\/679 del Parlamento Europeo y del Consejo sobre protecci\u00f3n de datos de car\u00e1cter personal (Reglamento General de protecci\u00f3n de datos) y la Ley Org\u00e1nica 3\/2018, de 5 de diciembre, de Protecci\u00f3n de Datos Personales y garant\u00eda de los derechos digitales<\/em>.<\/p><p><em>Los campos de texto identificados como obligatorios en el formulario de alta como Usuario Registrado han de ser necesariamente cumplimentados por los interesados. La no cumplimentaci\u00f3n de alguno de los mismos podr\u00eda impedir la tramitaci\u00f3n de su alta como Usuario Registrado.<\/em><\/p><p><em>En cumplimiento de lo dispuesto en el el art\u00edculo 32 del RGPD relativo a la seguridad del tratamiento, la Empresa gestora del sitio web tiene implantadas las medidas t\u00e9cnicas y organizativas apropiadas para asegurar un nivel de seguridad adecuado que garantiza la seguridad de los datos y evitan su alteraci\u00f3n, p\u00e9rdida, tratamiento o acceso no autorizado,todo ello teniendo en cuenta el estado de la t\u00e9cnica, la naturaleza, el alcance, el contexto y los fines de tratamiento.<\/em><\/p><p><em>La legitimaci\u00f3n del tratamiento se encuentra basada en el consentimiento de los usuarios, en virtud de los dispuesto en el art\u00edculo 6.1 a) del RGPD.<\/em><\/p><p><em>Los datos personales facilitados se conservar\u00e1n durante el tiempo necesario para cumplir con la finalidad para la que se recaban, estando el mismo especificado en cada actividad de tratamiento.<\/em><\/p><p><em>Los datos recabados \u00fanicamente ser\u00e1n objeto de cesi\u00f3n, en su caso, previo consentimiento de la persona interesada, pudi\u00e9ndose consultar los destinatarios de las distintas actividades de tratamiento en el Registro de Actividades de Tratamiento de la entidad.<\/em><\/p><p>El Portal contiene enlaces a sitios web de terceros con pol\u00edticas de privacidad ajenas a la del mismo, de las cuales no se hace responsable, siendo usted qui\u00e9n decidir\u00e1 sobre la aceptaci\u00f3n de las mismas.<\/p><p><em>Las personas cuyos datos personales sean tratados por la entidad podr\u00e1n ejercitar los derechos de acceso, rectificaci\u00f3n, supresi\u00f3n, oposici\u00f3n, limitaci\u00f3n del tratamiento y portabilidad, as\u00ed como a oponerse a la toma de decisiones individuales automatizadas, incluida la elaboraci\u00f3n de perfiles, en la forma prevista en la legislaci\u00f3n vigente sobre la materia, ante el responsable del fichero mediante el env\u00edo de una comunicaci\u00f3n, incluyendo una copia de su DNI, a la siguiente direcci\u00f3n de correo electr\u00f3nico reservas@actravel.es , o la direcci\u00f3n de CACTRAVEL, SLL, Calle Monte Carmelo, 32 &nbsp;Local 2, 41011 Sevilla &#8211; Espa\u00f1a.<\/em><\/p><p><em>As\u00edmismo los usuarios y usuarias tambi\u00e9n tienen derecho a presentar una reclamaci\u00f3n ante la Agencia Espa\u00f1ola de Protecci\u00f3n de Datos.<\/em><\/p><p>De otro lado, mediante la marcaci\u00f3n de la correspondiente casilla habilitada al efecto, que se identificar\u00e1 con el texto \u201cDeseo recibir la Newsletter\u00bb, usted autoriza a&nbsp;<strong>CACTRAVEL, SLL&nbsp;<\/strong>&nbsp;para que le remita informaci\u00f3n y comunicaciones promocionales a trav\u00e9s de cualquier medio, incluidos los electr\u00f3nicos (correo electr\u00f3nico, etc.), relativas a actividades, iniciativas y\/o servicios organizados o patrocinados por la&nbsp;<strong>CACTRAVEL, SL.L.<\/strong><\/p><p>En este sentido, podr\u00e1 oponerse en todo caso a que sus datos sean tratados con esta finalidad, tanto en el momento de la recogida de los datos mediante la marcaci\u00f3n de la casilla que a tal efecto se incluye en los correspondientes formularios de recogida de datos, as\u00ed como en cualquier otro momento posterior, mediante el env\u00edo de un correo electr\u00f3nico a la siguiente direcci\u00f3n reservas@cactravel.es o usando los medios espec\u00edficos que se reconozcan en las propias comunicaciones comerciales.<\/p><h2 class=\"wp-block-heading\">Aviso Legal<\/h2><h3 class=\"wp-block-heading\">Responsabilidad de los contenidos<\/h3><p>El&nbsp;<strong>Usuario Registrado<\/strong>&nbsp;se compromete a cumplir puntualmente todos los t\u00e9rminos recogidos en las Condiciones de Uso y a no utilizar el sitio web con fines ilegales, fraudulentos o no expresamente autorizados mediante las Condiciones de Uso. A tal efecto, el&nbsp;<strong>Usuario Registrado<\/strong>&nbsp;ser\u00e1 el responsable de las consecuencias jur\u00eddicas que se deriven de su incumplimiento de los t\u00e9rminos recogidos en las presentes Condiciones de Uso.<\/p><p>CACTRAVEL, SLL, &nbsp;\u00fanicamente ser\u00eda responsable de los da\u00f1os que el&nbsp;<strong>Usuario Registrado<\/strong>&nbsp;pudiera sufrir por el uso del Sitio Web, cuando dichos da\u00f1os fueran debidos a nuestra actuaci\u00f3n dolosa.<\/p><p>CACTRAVEL, SLL &nbsp;no se hace responsable de la legalidad de otros sitios web de terceros desde los que pueda accederse al portal.<\/p><h3 class=\"wp-block-heading\">Modificaci\u00f3n de las Condiciones de Uso<\/h3><p>Las presentes Condiciones de Uso son las actualmente vigentes. No obstante, CACTRAVEL,, SLL&nbsp;se reserva el derecho de modificar estas Condiciones de Uso en cualquier momento respetando la normativa en vigor, sin que dicha modificaci\u00f3n tenga car\u00e1cter retroactivo.<\/p><h3 class=\"wp-block-heading\">Nulidad de cl\u00e1usulas<\/h3><p>En caso de que alguna de las disposiciones contenidas en las presentes Condiciones de Uso sea declarada nula, se proceder\u00e1 a la retirada o sustituci\u00f3n de la misma. En cualquier caso, dicha declaraci\u00f3n de nulidad no afectar\u00e1 a la validez del resto de disposiciones recogidas en estas Condiciones de Uso.<\/p><h3 class=\"wp-block-heading\">Legislaci\u00f3n aplicable<\/h3><p>Ley 34\/2002, de 11 de julio, de Servicios de la Sociedad de la Informaci\u00f3n y de Comercio Electr\u00f3nico (LSSI).<\/p><p>Reglamento (UE) 2016\/679 del Parlamento Europeo y del Consejo de 27 de abril de 2016 relativo a la protecci\u00f3n de las personas f\u00edsicas en lo que respecta al tratamiento de datos personales y a la libre circulaci\u00f3n de estos datos y por el que se deroga la Directiva 95\/46\/CE (Reglamento General de Protecci\u00f3n de datos).<\/p><p>Ley Org\u00e1nica 3\/2018, de 5 de diciembre, de Protecci\u00f3n de Datos Personales y garant\u00eda de los derechos digitales.<\/p>","protected":false},"excerpt":{"rendered":"<p>Pol\u00edtica de Privacidad y normativa de protecci\u00f3n de datos A trav\u00e9s de \u00e9ste portal no se recaban datos de car\u00e1cter personal de los usuarios sin su consentimiento. Los Datos de car\u00e1cter personal que facilite con ocasi\u00f3n de su alta en el Sitio Web, as\u00ed como aquellos que facilite como consecuencia del uso del Portal ser\u00e1n [&hellip;]<\/p>\n","protected":false},"author":1,"featured_media":0,"parent":0,"menu_order":0,"comment_status":"closed","ping_status":"open","template":"","meta":{"footnotes":""},"class_list":["post-3","page","type-page","status-publish","hentry"],"yoast_head":"<!-- This site is optimized with the Yoast SEO plugin v23.6 - https:\/\/yoast.com\/wordpress\/plugins\/seo\/ -->\n<title>Pol\u00edtica de privacidad -<\/title>\n<meta name=\"robots\" content=\"index, follow, max-snippet:-1, max-image-preview:large, max-video-preview:-1\" \/>\n<link rel=\"canonical\" href=\"https:\/\/www.100x100south.com\/blog\/politica-privacidad\/\" \/>\n<meta property=\"og:locale\" content=\"es_ES\" \/>\n<meta property=\"og:type\" content=\"article\" \/>\n<meta property=\"og:title\" content=\"Pol\u00edtica de privacidad -\" \/>\n<meta property=\"og:description\" content=\"Pol\u00edtica de Privacidad y normativa de protecci\u00f3n de datos A trav\u00e9s de \u00e9ste portal no se recaban datos de car\u00e1cter personal de los usuarios sin su consentimiento. Los Datos de car\u00e1cter personal que facilite con ocasi\u00f3n de su alta en el Sitio Web, as\u00ed como aquellos que facilite como consecuencia del uso del Portal ser\u00e1n [&hellip;]\" \/>\n<meta property=\"og:url\" content=\"https:\/\/www.100x100south.com\/blog\/politica-privacidad\/\" \/>\n<meta property=\"article:modified_time\" content=\"2023-02-15T11:28:20+00:00\" \/>\n<meta name=\"twitter:card\" content=\"summary_large_image\" \/>\n<meta name=\"twitter:label1\" content=\"Tiempo de lectura\" \/>\n\t<meta name=\"twitter:data1\" content=\"5 minutos\" \/>\n<script type=\"application\/ld+json\" class=\"yoast-schema-graph\">{\"@context\":\"https:\/\/schema.org\",\"@graph\":[{\"@type\":\"WebPage\",\"@id\":\"https:\/\/www.100x100south.com\/blog\/politica-privacidad\/\",\"url\":\"https:\/\/www.100x100south.com\/blog\/politica-privacidad\/\",\"name\":\"Pol\u00edtica de privacidad -\",\"isPartOf\":{\"@id\":\"https:\/\/www.100x100south.com\/blog\/#website\"},\"datePublished\":\"2021-05-14T06:43:05+00:00\",\"dateModified\":\"2023-02-15T11:28:20+00:00\",\"breadcrumb\":{\"@id\":\"https:\/\/www.100x100south.com\/blog\/politica-privacidad\/#breadcrumb\"},\"inLanguage\":\"es\",\"potentialAction\":[{\"@type\":\"ReadAction\",\"target\":[\"https:\/\/www.100x100south.com\/blog\/politica-privacidad\/\"]}]},{\"@type\":\"BreadcrumbList\",\"@id\":\"https:\/\/www.100x100south.com\/blog\/politica-privacidad\/#breadcrumb\",\"itemListElement\":[{\"@type\":\"ListItem\",\"position\":1,\"name\":\"Portada\",\"item\":\"https:\/\/www.100x100south.com\/blog\/\"},{\"@type\":\"ListItem\",\"position\":2,\"name\":\"Pol\u00edtica de privacidad\"}]},{\"@type\":\"WebSite\",\"@id\":\"https:\/\/www.100x100south.com\/blog\/#website\",\"url\":\"https:\/\/www.100x100south.com\/blog\/\",\"name\":\"https:\/\/www.100x100south.com\/blog\",\"description\":\"Viajes y experiencias gastron\u00f3micas\",\"publisher\":{\"@id\":\"https:\/\/www.100x100south.com\/blog\/#organization\"},\"potentialAction\":[{\"@type\":\"SearchAction\",\"target\":{\"@type\":\"EntryPoint\",\"urlTemplate\":\"https:\/\/www.100x100south.com\/blog\/?s={search_term_string}\"},\"query-input\":{\"@type\":\"PropertyValueSpecification\",\"valueRequired\":true,\"valueName\":\"search_term_string\"}}],\"inLanguage\":\"es\"},{\"@type\":\"Organization\",\"@id\":\"https:\/\/www.100x100south.com\/blog\/#organization\",\"name\":\"100x100south\",\"url\":\"https:\/\/www.100x100south.com\/blog\/\",\"logo\":{\"@type\":\"ImageObject\",\"inLanguage\":\"es\",\"@id\":\"https:\/\/www.100x100south.com\/blog\/#\/schema\/logo\/image\/\",\"url\":\"https:\/\/www.100x100south.com\/blog\/wp-content\/uploads\/2021\/08\/cropped-cropped-100x100-South-Espanol-SVG_Mesa-de-trabajo-1-copia-4-e1629454715973.png\",\"contentUrl\":\"https:\/\/www.100x100south.com\/blog\/wp-content\/uploads\/2021\/08\/cropped-cropped-100x100-South-Espanol-SVG_Mesa-de-trabajo-1-copia-4-e1629454715973.png\",\"width\":471,\"height\":291,\"caption\":\"100x100south\"},\"image\":{\"@id\":\"https:\/\/www.100x100south.com\/blog\/#\/schema\/logo\/image\/\"}}]}<\/script>\n<!-- \/ Yoast SEO plugin. -->","yoast_head_json":{"title":"Pol\u00edtica de privacidad -","robots":{"index":"index","follow":"follow","max-snippet":"max-snippet:-1","max-image-preview":"max-image-preview:large","max-video-preview":"max-video-preview:-1"},"canonical":"https:\/\/www.100x100south.com\/blog\/politica-privacidad\/","og_locale":"es_ES","og_type":"article","og_title":"Pol\u00edtica de privacidad -","og_description":"Pol\u00edtica de Privacidad y normativa de protecci\u00f3n de datos A trav\u00e9s de \u00e9ste portal no se recaban datos de car\u00e1cter personal de los usuarios sin su consentimiento. Los Datos de car\u00e1cter personal que facilite con ocasi\u00f3n de su alta en el Sitio Web, as\u00ed como aquellos que facilite como consecuencia del uso del Portal ser\u00e1n [&hellip;]","og_url":"https:\/\/www.100x100south.com\/blog\/politica-privacidad\/","article_modified_time":"2023-02-15T11:28:20+00:00","twitter_card":"summary_large_image","twitter_misc":{"Tiempo de lectura":"5 minutos"},"schema":{"@context":"https:\/\/schema.org","@graph":[{"@type":"WebPage","@id":"https:\/\/www.100x100south.com\/blog\/politica-privacidad\/","url":"https:\/\/www.100x100south.com\/blog\/politica-privacidad\/","name":"Pol\u00edtica de privacidad -","isPartOf":{"@id":"https:\/\/www.100x100south.com\/blog\/#website"},"datePublished":"2021-05-14T06:43:05+00:00","dateModified":"2023-02-15T11:28:20+00:00","breadcrumb":{"@id":"https:\/\/www.100x100south.com\/blog\/politica-privacidad\/#breadcrumb"},"inLanguage":"es","potentialAction":[{"@type":"ReadAction","target":["https:\/\/www.100x100south.com\/blog\/politica-privacidad\/"]}]},{"@type":"BreadcrumbList","@id":"https:\/\/www.100x100south.com\/blog\/politica-privacidad\/#breadcrumb","itemListElement":[{"@type":"ListItem","position":1,"name":"Portada","item":"https:\/\/www.100x100south.com\/blog\/"},{"@type":"ListItem","position":2,"name":"Pol\u00edtica de privacidad"}]},{"@type":"WebSite","@id":"https:\/\/www.100x100south.com\/blog\/#website","url":"https:\/\/www.100x100south.com\/blog\/","name":"https:\/\/www.100x100south.com\/blog","description":"Viajes y experiencias gastron\u00f3micas","publisher":{"@id":"https:\/\/www.100x100south.com\/blog\/#organization"},"potentialAction":[{"@type":"SearchAction","target":{"@type":"EntryPoint","urlTemplate":"https:\/\/www.100x100south.com\/blog\/?s={search_term_string}"},"query-input":{"@type":"PropertyValueSpecification","valueRequired":true,"valueName":"search_term_string"}}],"inLanguage":"es"},{"@type":"Organization","@id":"https:\/\/www.100x100south.com\/blog\/#organization","name":"100x100south","url":"https:\/\/www.100x100south.com\/blog\/","logo":{"@type":"ImageObject","inLanguage":"es","@id":"https:\/\/www.100x100south.com\/blog\/#\/schema\/logo\/image\/","url":"https:\/\/www.100x100south.com\/blog\/wp-content\/uploads\/2021\/08\/cropped-cropped-100x100-South-Espanol-SVG_Mesa-de-trabajo-1-copia-4-e1629454715973.png","contentUrl":"https:\/\/www.100x100south.com\/blog\/wp-content\/uploads\/2021\/08\/cropped-cropped-100x100-South-Espanol-SVG_Mesa-de-trabajo-1-copia-4-e1629454715973.png","width":471,"height":291,"caption":"100x100south"},"image":{"@id":"https:\/\/www.100x100south.com\/blog\/#\/schema\/logo\/image\/"}}]}},"_links":{"self":[{"href":"https:\/\/www.100x100south.com\/blog\/wp-json\/wp\/v2\/pages\/3","targetHints":{"allow":["GET"]}}],"collection":[{"href":"https:\/\/www.100x100south.com\/blog\/wp-json\/wp\/v2\/pages"}],"about":[{"href":"https:\/\/www.100x100south.com\/blog\/wp-json\/wp\/v2\/types\/page"}],"author":[{"embeddable":true,"href":"https:\/\/www.100x100south.com\/blog\/wp-json\/wp\/v2\/users\/1"}],"replies":[{"embeddable":true,"href":"https:\/\/www.100x100south.com\/blog\/wp-json\/wp\/v2\/comments?post=3"}],"version-history":[{"count":1,"href":"https:\/\/www.100x100south.com\/blog\/wp-json\/wp\/v2\/pages\/3\/revisions"}],"predecessor-version":[{"id":217,"href":"https:\/\/www.100x100south.com\/blog\/wp-json\/wp\/v2\/pages\/3\/revisions\/217"}],"wp:attachment":[{"href":"https:\/\/www.100x100south.com\/blog\/wp-json\/wp\/v2\/media?parent=3"}],"curies":[{"name":"wp","href":"https:\/\/api.w.org\/{rel}","templated":true}]}}